 digit of 176745381?
5
What is the millions digit of 527900600?
7
What is the hundred thousands digit of 540063320?
0
What is the hundreds digit of 155677329?
3
What is the hundreds digit of 99415908?
9
What is the hundred thousands digit of 3564582669?
5
What is the ten thousands digit of 104098571?
9
What is the units digit of 4577430855?
5
What is the tens digit of 92319829?
2
What is the hundreds digit of 7662802632?
6
What is the ten thousands digit of 7487357?
8
What is the thousands digit of 15560642?
0
What is the thousands digit of 9129388?
9
What is the hundred thousands digit of 71006549?
0
What is the ten thousands digit of 3140037416?
3
What is the ten thousands digit of 1135626829?
2
What is the ten thousands digit of 4975526056?
2
What is the millions digit of 24662591?
4
What is the hundred millions digit of 3799571245?
7
What is the hundreds digit of 1025159186?
1
What is the thousands digit of 324719268?
9
What is the units digit of 12205092?
2
What is the billions digit of 1315660443?
1
What is the hundred thousands digit of 57097380?
0
What is the millions digit of 53313111?
3
What is the units digit of 28856072?
2
What is the millions digit of 628229775?
8
What is the hundreds digit of 58119776?
7
What is the millions digit of 32730994?
2
What is the millions digit of 40928378?
0
What is the millions digit of 44248825?
4
What is the ten millions digit of 2012196405?
1
What is the hundred thousands digit of 517876043?
8
What is the tens digit of 4216291?
9
What is the ten thousands digit of 196531497?
3
What is the millions digit of 62126232?
2
What is the hundred thousands digit of 131531199?
5
What is the millions digit of 1567120575?
7
What is the hundred millions digit of 804840384?
8
What is the units digit of 127236909?
9
What is the tens digit of 250019881?
8
What is the tens digit of 3189193?
9
What is the millions digit of 132854714?
2
What is the thousands digit of 354065989?
5
What is the hundred thousands digit of 311687434?
6
What is the hundred thousands digit of 53116995?
1
What is the ten millions digit of 75018209?
7
What is the ten thousands digit of 2307873680?
7
What is the ten millions digit of 9030170838?
3
What is the ten thousands digit of 436656001?
5
What is the thousands digit of 174869202?
9
What is the billions digit of 1487964418?
1
What is the hundred thousands digit of 216155655?
1
What is the hundreds digit of 568516485?
4
What is the millions digit of 140481050?
0
What is the hundreds digit of 135877719?
7
What is the units digit of 3853304962?
2
What is the ten thousands digit of 237751345?
5
What is the tens digit of 10861329?
2
What is the ten millions digit of 246209128?
4
What is the millions digit of 5045378228?
5
What is the hundred millions digit of 246226460?
2
What is the millions digit of 51001625?
1
What is the hundreds digit of 2376779299?
2
What is the ten thousands digit of 64804727?
0
What is the millions digit of 97391784?
7
What is the ten thousands digit of 278807526?
0
What is the tens digit of 1886903597?
9
What is the ten millions digit of 116218368?
1
What is the tens digit of 251713645?
4
What is the thousands digit of 127926633?
6
What is the hundreds digit of 2160160?
1
What is the thousands digit of 22534596?
4
What is the tens digit of 1127166598?
9
What is the ten thousands digit of 122414262?
1
What is the millions digit of 7118297856?
8
What is the units digit of 88288322?
2
What is the units digit of 67248143?
3
What is the units digit of 327930990?
0
What is the hundreds digit of 21856967?
9
What is the thousands digit of 1141173011?
3
What is the thousands digit of 9149309563?
9
What is the thousands digit of 161354892?
4
What is the ten thousands digit of 36137055?
3
What is the millions digit of 735506986?
5
What is the units digit of 38645574?
4
What is the hundred thousands digit of 564762764?
7
What is the hundreds digit of 3773177898?
8
What is the ten millions digit of 3905246924?
0
What is the tens digit of 3971192?
9
What is the hundreds digit of 25141725?
7
What is the millions digit of 8017165?
8
What is the units digit of 13903149?
9
What is the units digit of 6844588?
8
What is the thousands digit of 171524510?
4
What is the units digit of 1650949719?
9
What is the tens digit of 59628928?
2
What is the units digit of 544457631?
1
What is the hundreds digit of 86830452?
4
What is the ten millions digit of 2653207825?
5
What is the millions digit of 72596530?
2
What is the ten millions digit of 59188076?
5
What is the ten thousands digit of 580925825?
2
What is the billions digit of 1216840228?
1
What is the tens digit of 71520468?
6
What is the millions digit of 586909254?
6
What is the millions digit of 332849161?
2
What is the ten millions digit of 76784076?
7
What is the tens digit of 32671271?
7
What is the units digit of 12314947?
7
What is the ten thousands digit of 1957424506?
2
What is the ten thousands digit of 151268604?
6
What is the units digit of 15562043?
3
What is the ten millions digit of 106312499?
0
What is the hundreds digit of 92241975?
9
What is the hundreds digit of 26149088?
0
What is the units digit of 462707147?
7
What is the ten thousands digit of 29859311?
5
What is the units digit of 1061010996?
6
What is the thousands digit of 2341812150?
2
What is the millions digit of 31718428?
1
What is the hundred millions digit of 2698105370?
6
What is the billions digit of 3581639167?
3
What is the units digit of 27071417?
7
What is the ten millions digit of 102249835?
0
What is the hundreds digit of 251809748?
7
What is the hundred millions digit of 1263036577?
2
What is the millions digit of 149007600?
9
What is the tens digit of 963374456?
5
What is the units digit of 32554436?
6
What is the thousands digit of 33936758?
6
What is the units digit of 561700576?
6
What is the ten millions digit of 134325903?
3
What is the units digit of 792886173?
3
What is the millions digit of 13783064?
3
What is the hundreds digit of 347072643?
6
What is the tens digit of 55251685?
8
What is the units digit of 324869658?
8
What is the hundreds digit of 96770306?
3
What is the hundreds digit of 117774271?
2
What is the tens digit of 242336030?
3
What is the ten millions digit of 588493465?
8
What is the hundred thousands digit of 987894817?
8
What is the ten millions digit of 522543962?
2
What is the hundreds digit of 1875243991?
9
What is the ten millions digit of 596986424?
9
What is the tens digit of 272818750?
5
What is the ten thousands digit of 262077000?
7
What is the thousands digit of 45383859?
3
What is the ten millions digit of 4061363132?
6
What is the hundred thousands digit of 131927095?
9
What is the hundred thousands digit of 1188861086?
8
What is the ten millions digit of 29631189?
2
What is the ten thousands digit of 364238730?
3
What is the hundreds digit of 317770422?
4
What is the millions digit of 384442587?
4
What is the millions digit of 20226393?
0
What is the hundreds digit of 802971?
9
What is the thousands digit of 94855729?
5
What is the tens digit of 99822585?
8
What is the units digit of 1339695748?
8
What is the ten millions digit of 42580267?
4
What is the billions digit of 2650837942?
2
What is the tens digit of 13221552?
5
What is the ten millions digit of 224680084?
2
What is the thousands digit of 327808022?
8
What is the ten thousands digit of 41511041?
1
What is the hundred thousands digit of 6561624887?
6
What is the hundreds digit of 440960423?
4
What is the units digit of 146896937?
7
What is the billions digit of 6281195962?
6
What is the hundred millions digit of 138451435?
1
What is the hundred thousands digit of 192865060?
8
What is the ten thousands digit of 117190462?
9
What is the thousands digit of 117477568?
7
What is the thousands digit of 47700372?
0
What is the billions digit of 4428994814?
4
What is the tens digit of 54464421?
2
What is the hundreds digit of 1770474915?
9
What is the tens digit of 42444317?
1
What is the ten millions digit of 224748158?
2
What is the units digit of 188592881?
1
What is the millions digit of 59897608?
9
What is the hundred thousands digit of 105786791?
7
What is the thousands digit of 246440071?
0
What is the hundreds digit of 93378907?
9
What is the 